{"id":64,"date":"2018-10-16T19:04:34","date_gmt":"2018-10-16T19:04:34","guid":{"rendered":"https:\/\/basar-kirchgellersen.s3.domainzentrale.eu\/?page_id=64"},"modified":"2026-02-22T19:35:56","modified_gmt":"2026-02-22T19:35:56","slug":"faq-verkaeufer","status":"publish","type":"page","link":"https:\/\/basar-kirchgellersen.de\/?page_id=64","title":{"rendered":"FAQ Verk\u00e4uferInnen"},"content":{"rendered":"<p><a href=\"#nummernvergabe\"><span style=\"color: #000000;\"><span style=\"font-family: Arial, serif;\"><b>Wie bekomme ich eine Verk\u00e4ufer-Nummer?<\/b><\/span><\/span><\/a><\/p>\n<p><a href=\"#zeiten\"><span style=\"color: #000000;\"><span style=\"font-family: Arial, serif;\"><b>Wann gebe ich die Kisten ab bzw. hole sie ab?<\/b><\/span><\/span><\/a><\/p>\n<p><a href=\"#auszeichnen\"><span style=\"color: #000000;\"><span style=\"font-family: Arial, serif;\"><b>Was muss ich beim Auszeichnen beachten?<\/b><\/span><\/span><\/a><\/p>\n<p><a href=\"#klappkisten\"><span style=\"color: #000000;\"><span style=\"font-family: Arial, serif;\"><b>Wie bringe ich die Sachen zum Basar?<\/b><\/span><\/span><\/a><\/p>\n<p><a href=\"#verkaufsmenge\"><strong><span style=\"color: #000000;\"><span style=\"font-family: Arial, serif;\">Wieviel darf ich verkaufen?<\/span><\/span><\/strong><\/a><\/p>\n<p><a href=\"#wasjawasnein\"><span style=\"color: #000000;\"><span style=\"font-family: Arial, serif;\"><b>Was darf abgegeben werden?<br \/><\/b><\/span><\/span><\/a><\/p>\n<p><a href=\"#umsatz\"><span style=\"color: #000000;\"><span style=\"font-family: Arial, serif;\"><b>Was passiert mit dem Umsatz?<\/b><\/span><\/span><\/a><\/p>\n<p><a href=\"#sachspenden\"><span style=\"color: #000000;\"><span style=\"font-family: Arial, serif;\"><b>Wohin gehen die Sachspenden?<\/b><\/span><\/span><\/a><b><\/b><\/p>\n<h4 id=\"nummernvergabe\"><span style=\"color: #000000;\"><span style=\"font-family: Arial, serif;\"><b>&#8212;&#8212;&#8212;&#8212;&#8212;&#8212;&#8212;&#8212;&#8212;<\/b><\/span><\/span><\/h4>\n<h4><span style=\"color: #000000;\"><span style=\"font-family: Arial, serif;\">Wie bekomme ich eine Verk\u00e4ufer-Nummer?<\/span><\/span><\/h4>\n<ul>\n<li><span style=\"color: #000000;\"><span style=\"font-family: Arial, serif;\">Vom 15.02. &#8211; 18.02.2026 wird unsere <a href=\"mailto:nummer@basar-kirchgellersen.de\" target=\"_blank\" rel=\"noopener\">Mailadresse<\/a> (Nummer&lt;at&gt;basar-kirchgellersen.de) freigeschaltet, unter der man sich auf eine Verk\u00e4ufer-Nummer bewerben kann (es gibt mehr Einsendungen als Nummern)<\/span><\/span><\/li>\n<li><span style=\"color: #000000;\"><span style=\"font-family: Arial, serif;\">Bitte Namen und vollst\u00e4ndige Adresse angeben, damit wir Doppelbewerbungen besser erkennen k\u00f6nnen<\/span><\/span><\/li>\n<li><span style=\"color: #000000;\"><span style=\"font-family: Arial, serif;\">Unter den eingegangenen E-Mails werden die Nummern zuf\u00e4llig vergeben, d.h. die Zeit des Eingangs ist <span style=\"text-decoration: underline;\">irrelevant<\/span><\/span><\/span><\/li>\n<li><span style=\"color: #000000;\"><span style=\"font-family: Arial, serif;\">Wer eine Nummer erh\u00e4lt, bekommt diese nach Ablauf der Frist per E-Mail mit den weiteren Informationen mitgeteilt<\/span><\/span><\/li>\n<li><span style=\"color: #000000;\"><span style=\"font-family: Arial, serif;\">Bitte auch im Spam-Ordner nachsehen, falls nichts angekommen ist<\/span><\/span><\/li>\n<li><span style=\"color: #000000;\"><span style=\"font-family: Arial, serif;\">Der Erhalt dieser E-Mail und die Einhaltung der Regeln muss mit einer Antwort, die unseren E-Mail-Text beinhaltet, innerhalb von 24 Stunden best\u00e4tigt werden, sonst wird die Nummer anderweitig vergeben<\/span><\/span><\/li>\n<li><span style=\"color: #000000;\"><span style=\"font-family: Arial, serif;\">Wer keine Antwort von uns erh\u00e4lt, hat bei diesem Mal leider kein Gl\u00fcck gehabt<\/span><\/span><\/li>\n<li><span style=\"color: #000000;\"><span style=\"font-family: Arial, serif;\">Au\u00dferhalb dieser einen Woche werden grunds\u00e4tzlich keine Nummern vergeben<\/span><\/span><\/li>\n<li><span style=\"color: #000000;\"><span style=\"font-family: Arial, serif;\">Aufgrund der gro\u00dfen Nachfrage lohnt sich auch keine sp\u00e4tere Anfrage nach \u00fcbrig gebliebenen Nummern<\/span><\/span><\/li>\n<\/ul>\n<h4 id=\"zeiten\"><span style=\"color: #000000;\"><span style=\"font-family: Arial, serif;\"><b>&#8212;&#8212;&#8212;&#8212;&#8212;&#8212;&#8212;&#8212;&#8212;<\/b><\/span><\/span><\/h4>\n<h4>\u00a0<\/h4>\n<h4><span style=\"color: #000000;\"><span style=\"font-family: Arial, serif;\">Wann gebe ich die Kisten ab bzw. hole sie ab?<\/span><\/span><\/h4>\n<ul>\n<li><span style=\"color: #000000;\"><span style=\"font-family: Arial, serif;\">Die Kisten k\u00f6nnen am Donnerstag vor dem Basar zwischen 17:00 und 18:30 Uhr abgegeben werden &#8211; eine sp\u00e4tere Abgabe wird nicht mehr akzeptiert<\/span><\/span><\/li>\n<li><span style=\"color: #000000;\"><span style=\"font-family: Arial, serif;\">Abholung der Kisten und des verdienten Geldes am Samstag zwischen 17:00 und 18:30 Uhr<\/span><\/span><\/li>\n<li><span style=\"color: #000000;\"><span style=\"font-family: Arial, serif;\">Wenn jemand Anderes die Kisten und das Geld f\u00fcr euch abholen soll, stellt ihm bitte eine entsprechende Vollmacht aus. Vordrucke daf\u00fcr liegen bei der Abgabe der Kisten bereit und m\u00fcssen bei der Abholung ausgef\u00fcllt mitgebracht werden<\/span><\/span><\/li>\n<li><span style=\"color: #000000;\"><span style=\"font-family: Arial, serif;\">Bitte werft noch einen Blick auf unseren Fundtisch, ob sich nicht verkaufte Sachen von euch dort wieder finden<\/span><\/span><\/li>\n<li><span style=\"color: #000000;\"><span style=\"font-family: Arial, serif;\">F\u00fcr verlorene oder besch\u00e4digte Sachen \u00fcbernehmen wir keine Haftung<\/span><\/span><\/li>\n<li><span style=\"color: #000000;\"><span style=\"font-family: Arial, serif;\">Ihr habt die M\u00f6glichkeit, eure nicht verkauften Sachen zu spenden. Bitte sprecht uns an.<\/span><\/span><\/li>\n<\/ul>\n<h4 id=\"auszeichnen\"><span style=\"color: #000000;\"><span style=\"font-family: Arial, serif;\"><b>&#8212;&#8212;&#8212;&#8212;&#8212;&#8212;&#8212;&#8212;&#8212;<\/b><\/span><\/span><\/h4>\n<h4>\u00a0<\/h4>\n<h4><span style=\"color: #000000;\"><span style=\"font-family: Arial, serif;\">Was muss ich beim Auszeichnen beachten?<\/span><\/span><\/h4>\n<ul>\n<li><span style=\"color: #000000;\"><span style=\"font-family: Arial, serif;\">die Nummer bitte in rot mit Kreis drumherum<\/span><\/span><\/li>\n<li><span style=\"color: #000000;\"><span style=\"font-family: Arial, serif;\">die Gr\u00f6\u00dfe und den Preis in schwarz oder blau <\/span><\/span><\/li>\n<li><span style=\"color: #000000;\"><span style=\"font-family: Arial, serif;\">bitte alles auf ein Schild schreiben und dieses gut sichtbar au\u00dfen vorne oben anbringen<\/span><\/span><\/li>\n<li><span style=\"color: #000000;\"><span style=\"font-family: Arial, serif;\">bei h\u00f6herwertigen Sachen gerne mehrere identische Schilder anbringen<\/span><\/span><\/li>\n<li><span style=\"color: #000000;\"><span style=\"font-family: Arial, serif;\">Achtung: keine durchf\u00e4rbenden oder abf\u00e4rbenden Stifte benutzen, da sonst die beschriftete oder darauf liegende Kleidung verf\u00e4rbt wird!<\/span><\/span><\/li>\n<li><span style=\"color: #000000;\"><span style=\"font-family: Arial, serif;\">Bei Gro\u00dfteilen: Gegenstand auf Preisschild benennen (z.B. &#8222;Blaues Fahrrad 20 Zoll&#8220;, &#8222;Roter Puky-Roller&#8220;, etc.), gerne den Neupreis dazu schreiben<\/span><\/span><\/li>\n<li><span style=\"color: #000000;\"><span style=\"font-family: Arial, serif;\">Bei Jacken und Schneeanz\u00fcgen das Preisschild an der Aufh\u00e4nge-\u00d6se anbringen<\/span><\/span><\/li>\n<li><span style=\"color: #000000;\"><span style=\"font-family: Arial, serif;\">Gesellschaftsspiele bitte verschlie\u00dfen, bei Bedarf werden sie gemeinsam mit einem Helfenden ge\u00f6ffnet, um sie auf Vollst\u00e4ndigkeit zu \u00fcberpr\u00fcfen<\/span><\/span><\/li>\n<li><span style=\"color: #000000;\"><span style=\"font-family: Arial, serif;\">Schuhe bitte so zusammenbinden, dass man sie noch anprobieren kann, z.B. mit Kabelbindern<\/span><\/span><\/li>\n<\/ul>\n<h4 id=\"klappkisten\"><span style=\"color: #000000;\"><span style=\"font-family: Arial, serif;\"><b>&#8212;&#8212;&#8212;&#8212;&#8212;&#8212;&#8212;&#8212;&#8212;<\/b><\/span><\/span><\/h4>\n<h4>\u00a0<\/h4>\n<h4><span style=\"color: #000000;\"><span style=\"font-family: Arial, serif;\">Wie bringe ich die Sachen zum Basar?<\/span><\/span><\/h4>\n<ul>\n<li><span style=\"color: #000000;\"><span style=\"font-family: Arial, serif;\">Es sind nur <strong>heile und saubere Klappkisten<\/strong> erlaubt, da wir diese im begrenzten Raum lagern m\u00fcssen (Kartons o.\u00e4. k\u00f6nnen von uns nicht angenommen werden)<\/span><\/span><\/li>\n<li><span style=\"color: #000000;\"><span style=\"font-family: Arial, serif;\">Die Klappkisten bitte ebenfalls mit der Verk\u00e4ufer-Nummer versehen &#8211; bevorzugt mehrfach<\/span><\/span><\/li>\n<\/ul>\n<h4 id=\"verkaufsmenge\"><span style=\"color: #000000;\"><span style=\"font-family: Arial, serif;\"><b>&#8212;&#8212;&#8212;&#8212;&#8212;&#8212;&#8212;&#8212;&#8212;<\/b><\/span><\/span><\/h4>\n<h4><span style=\"color: #000000;\"><span style=\"font-family: Arial, serif;\">Wieviel darf ich verkaufen?<\/span><\/span><\/h4>\n<ul>\n<li><span style=\"color: #000000;\"><span style=\"font-family: Arial, serif;\">Bis zu 4 Klappkisten gef\u00fcllt z.B. mit Kleidung (ganz klein bis Gr. 188), Umstandsmode, Schuhen <strong>(max. 8 Paar)<\/strong>, Spielsachen, Reit- und Fahrradhelmen oder B\u00fcchern und Spielen<\/span><\/span><\/li>\n<li><span style=\"color: #000000;\"><span style=\"font-family: Arial, serif;\">Zus\u00e4tzlich Gro\u00dfteile wie Fahrr\u00e4der, Kinderwagen, etc. \u2192 evtl. Verhandlungsbasis bei Gro\u00dfteil-Helfern angeben<\/span><\/span><\/li>\n<\/ul>\n<h4 id=\"wasjawasnein\"><span style=\"color: #000000;\"><span style=\"font-family: Arial, serif;\"><b>&#8212;&#8212;&#8212;&#8212;&#8212;&#8212;&#8212;&#8212;&#8212;<\/b><\/span><\/span><\/h4>\n<h4>\u00a0<\/h4>\n<h4><span style=\"color: #000000;\"><span style=\"font-family: Arial, serif;\">Was darf abgegeben werden?<\/span><\/span><\/h4>\n<ul>\n<li><span style=\"color: #000000;\"><span style=\"font-family: Arial, serif;\">Kleidung in den Gr\u00f6\u00dfen \u201eganz klein\u201c bis 188<\/span><\/span><\/li>\n<li><span style=\"color: #000000;\"><span style=\"font-family: Arial, serif;\">Kinder-Schuhe <strong>(max. 8 Paar)\u00a0<\/strong><\/span><\/span><\/li>\n<li><span style=\"color: #000000;\"><span style=\"font-family: Arial, serif;\">Umstandsmode<\/span><\/span><\/li>\n<li><span style=\"color: #000000;\"><span style=\"font-family: Arial, serif;\">Spielzeug f\u00fcr Drinnen und Drau\u00dfen<\/span><\/span><\/li>\n<li><span style=\"color: #000000;\"><span style=\"font-family: Arial, serif;\">Bettzeug, Schlafs\u00e4cke, etc.<\/span><\/span><\/li>\n<li><span style=\"color: #000000;\"><span style=\"font-family: Arial, serif;\">Kinder-B\u00fccher<\/span><\/span><\/li>\n<li><span style=\"color: #000000;\"><span style=\"font-family: Arial, serif;\">Spiele und Puzzles (nur vollst\u00e4ndig)<\/span><\/span><\/li>\n<li><span style=\"color: #000000;\"><span style=\"font-family: Arial, serif;\">Schulranzen, etc.<\/span><\/span><\/li>\n<li><span style=\"color: #000000;\"><span style=\"font-family: Arial, serif;\">Reit- und Fahrradhelme<\/span><\/span><\/li>\n<li><span style=\"color: #000000;\"><span style=\"font-family: Arial, serif;\">Gro\u00dfteile wie Fahrzeuge, Auto- und Fahrradsitze, Wickeltische, Hochst\u00fchle, Kaufmannsladen, etc.<\/span><\/span><\/li>\n<li><span style=\"color: #000000; font-family: Arial, serif;\">Die Sachen m\u00fcssen <strong>heile<\/strong>, <strong>sauber<\/strong>, <strong>der Saison angepasst<\/strong> (keine kurzen Hosen im Winter, keine Schneeanz\u00fcge im Sommer,&#8230;) und <strong>der Mode entsprechend<\/strong> sein<\/span><\/li>\n<li><span style=\"color: #000000;\"><span style=\"font-family: Arial, serif;\"><strong>Keine<\/strong> Toilettenartikel wie T\u00f6pfchen, Klobrillen-Verkleinerer, o.\u00c4.<\/span><\/span><\/li>\n<\/ul>\n<h4 id=\"umsatz\"><span style=\"color: #000000;\"><span style=\"font-family: Arial, serif;\"><b>&#8212;&#8212;&#8212;&#8212;&#8212;&#8212;&#8212;&#8212;&#8212;<\/b><\/span><\/span><\/h4>\n<h4>\u00a0<\/h4>\n<h4><span style=\"color: #000000;\"><span style=\"font-family: Arial, serif;\"><b>Was passiert mit dem Umsatz?<\/b><\/span><\/span><\/h4>\n<p style=\"padding-left: 30px;\"><span style=\"color: #000000;\"><span style=\"font-family: Arial, serif;\">20% der ausgezeichneten Verkaufspreise werden von uns einbehalten und zum gr\u00f6\u00dften Teil gemeinn\u00fctzig gespendet. Die Spendengelder kommen vorrangig Kindern und Jugendlichen der Gemeinde Gellersen zugute.<\/span><\/span><\/p>\n<p style=\"padding-left: 30px;\"><span style=\"color: #000000;\"><span style=\"font-family: Arial, serif;\">Beispielsweise gehen Spenden unterschiedlicher H\u00f6he in unterschiedlicher Regelm\u00e4\u00dfigkeit an das Kinder- und Jugendhaus in Kirchgellersen, Naturschwimmbad Kirchgellersen, Albatros e.V., die B\u00fcchereien in Kirchgellersen und Reppenstedt, die Kinder- und Jugendsparte des TSV Gellersen, die Kinder- und Jugendfeuerwehren, etc.<\/span><\/span><\/p>\n<p style=\"padding-left: 30px;\"><span style=\"color: #000000;\"><span style=\"font-family: Arial, serif;\">Auch in den Krippen, Kinderg\u00e4rten und Schulen konnten wir mit Spenden schon Projekte unterst\u00fctzen.<\/span><\/span><\/p>\n<p style=\"padding-left: 30px;\"><span style=\"color: #000000;\"><span style=\"font-family: Arial, serif;\">Sprecht uns gerne an, wenn ihr Anregungen zu weiteren Spendenempf\u00e4ngern habt. Wir sind offen f\u00fcr eure Ideen.<\/span><\/span><\/p>\n<h4 id=\"sachspenden\"><span style=\"color: #000000;\"><span style=\"font-family: Arial, serif;\"><b>&#8212;&#8212;&#8212;&#8212;&#8212;&#8212;&#8212;&#8212;&#8212;<\/b><\/span><\/span><\/h4>\n<h4>\u00a0<\/h4>\n<h4><span style=\"color: #000000;\"><span style=\"font-family: Arial, serif;\"><b>Wohin gehen die Sachspenden?<\/b><\/span><\/span><\/h4>\n<p style=\"padding-left: 30px;\"><span style=\"color: #000000;\"><span style=\"font-family: Arial, serif;\">Schon seit Langem gehen au\u00dferdem gro\u00dfe Teile der Spenden an ein Frauenhaus im Wendland, wo die Frauen oft mit ihren Kindern, aber ohne viel Ausstattung ankommen. Was dort nicht ben\u00f6tigt wird, wird an ein Partner-Frauenhaus in Afrika weitergegeben.\u00a0<\/span><\/span><\/p>\n<p style=\"padding-left: 30px;\"><span style=\"color: #000000;\"><span style=\"font-family: Arial, serif;\">Auch hier sprecht oder schreibt uns gerne an, solltet ihr noch weitere Anregungen haben.<\/span><\/span><\/p>\n\n\n<p><\/p>\n","protected":false},"excerpt":{"rendered":"<p>Wie bekomme ich eine Verk\u00e4ufer-Nummer? Wann gebe ich die Kisten ab bzw. hole sie ab? Was muss ich beim Auszeichnen beachten? Wie bringe ich die Sachen zum Basar? Wieviel darf ich verkaufen? Was darf abgegeben werden? Was passiert mit dem Umsatz? Wohin gehen die Sachspenden? &#8212;&#8212;&#8212;&#8212;&#8212;&#8212;&#8212;&#8212;&#8212; Wie bekomme ich eine Verk\u00e4ufer-Nummer? Vom 15.02. &#8211; 18.02.2026 &hellip; <\/p>\n<p class=\"link-more\"><a href=\"https:\/\/basar-kirchgellersen.de\/?page_id=64\" class=\"more-link\"><span class=\"screen-reader-text\">\u201eFAQ Verk\u00e4uferInnen\u201c <\/span>weiterlesen<\/a><\/p>\n","protected":false},"author":1,"featured_media":0,"parent":56,"menu_order":1,"comment_status":"closed","ping_status":"closed","template":"","meta":{"footnotes":""},"class_list":["post-64","page","type-page","status-publish","hentry"],"_links":{"self":[{"href":"https:\/\/basar-kirchgellersen.de\/index.php?rest_route=\/wp\/v2\/pages\/64","targetHints":{"allow":["GET"]}}],"collection":[{"href":"https:\/\/basar-kirchgellersen.de\/index.php?rest_route=\/wp\/v2\/pages"}],"about":[{"href":"https:\/\/basar-kirchgellersen.de\/index.php?rest_route=\/wp\/v2\/types\/page"}],"author":[{"embeddable":true,"href":"https:\/\/basar-kirchgellersen.de\/index.php?rest_route=\/wp\/v2\/users\/1"}],"replies":[{"embeddable":true,"href":"https:\/\/basar-kirchgellersen.de\/index.php?rest_route=%2Fwp%2Fv2%2Fcomments&post=64"}],"version-history":[{"count":63,"href":"https:\/\/basar-kirchgellersen.de\/index.php?rest_route=\/wp\/v2\/pages\/64\/revisions"}],"predecessor-version":[{"id":424,"href":"https:\/\/basar-kirchgellersen.de\/index.php?rest_route=\/wp\/v2\/pages\/64\/revisions\/424"}],"up":[{"embeddable":true,"href":"https:\/\/basar-kirchgellersen.de\/index.php?rest_route=\/wp\/v2\/pages\/56"}],"wp:attachment":[{"href":"https:\/\/basar-kirchgellersen.de\/index.php?rest_route=%2Fwp%2Fv2%2Fmedia&parent=64"}],"curies":[{"name":"wp","href":"https:\/\/api.w.org\/{rel}","templated":true}]}}